*t**2 + 5*t + 5. Calculate w(a).
5
Let d be 6/(-4)*(-1 - -3). Let k(w) = w**3 + 3*w**2 - w + 2. Determine k(d).
5
Suppose 0*l = 2*l - 4. Suppose 0 = -4*w + 5*w + l. Let g = w - -4. Let r(h) = h**3 - 2*h**2 + 2. Give r(g).
2
Let s(j) = 9*j - 4. Let o(t) = -3*t + 1. Let i(h) = 7*o(h) + 2*s(h). Determine i(-2).
5
Let j(r) be the third derivative of r**5/60 - r**4/6 - 5*r**3/6 - r**2. Let s be 429/(-5) - 1/5. Let t be s/(-18) - 2/(-9). Calculate j(t).
0
Let a(s) = -3*s**2 - 4 + 5*s**3 - 4*s**3 + 3. Let j(y) = -y**3 - y**2 - y - 1. Let z be -1 - (2/(-2) - 1). Let n(r) = z*j(r) - a(r). Calculate n(2).
-10
Let j(y) be the third derivative of -y**7/840 + y**6/120 + y**5/120 - y**4/12 - y**3/3 - 2*y**2. Let h(t) be the first derivative of j(t). Determine h(3).
1
Let y(r) = -4*r**2 - 7*r + 3. Let i(o) = o**2 + 7*o - 1. Let c be i(-6). Let z(s) = 2*s**2 + 4*s**2 - 4 + 0*s**2 + 10*s. Let t(v) = c*y(v) - 5*z(v). Give t(-1).
-2
Let w(u) = -u**3 + u**2 + 3*u - 3. Suppose -4*m = -2*a + 14, 3*a - m - 17 = -1. Let z = a - 3. Give w(z).
-1
Let x = -3 + 4. Let u(c) = -1 - 1 + x - 2*c. Determine u(-3).
5
Let p = 0 - -1. Let z(r) = -20*r**2 + 20*r + 17. Let g be ((-12)/(-1))/(-2 - -4). Let x(t) = 7*t**2 - 7*t - 6. Let q(h) = g*z(h) + 17*x(h). Determine q(p).
0
Let p(x) be the first derivative of -x**2/2 + 6*x + 7. Let j(d) = 2*d - 11. Let u(t) = -4*j(t) - 9*p(t). Determine u(5).
-5
Let d(b) = b**2 + 3*b - 2. Let t(i) = i - 10. Let x be t(6). Give d(x).
2
Let t = 2 + 3. Let p(x) = x**2 + 5*x - 6. Let f be p(-6). Let u(z) = z**3 + 0*z**2 + f + 3*z**2 - 4 - 9*z**2 + 7*z. What is u(t)?
6
Let o(d) = d**3 - d**2 + 1. Suppose 8 = 4*f - 0. Let t be (-51)/f - (-3)/6. Let r be (-6)/10 - (-10)/t. What is o(r)?
-1
Let c(b) = -b - 9. Suppose 3*m = -5*u - 19, 0*m - 12 = 4*m + 4*u. Suppose -m*k - 20 + 4 = 0. Let j be c(k). Let h(i) = -2*i + 1. Determine h(j).
3
Let u(k) = 3*k**3 + 0*k**3 + 2*k**2 - 4*k**3 + 3*k**2 - 4 - 3*k. Calculate u(4).
0
Let l = 2 - 5. Let q be (l/9)/(1/(-15)). Let g(k) = -k**3 + 6*k**2 - 4*k. Give g(q).
5
Let f be -1 + 30 + (-2)/2. Suppose -2*b = -2*h + 3*b - f, 4*b = -h + 12. Let q(d) = -5*d**2 - 3*d + 1 + d**2 + 3*d**2. Determine q(h).
-3
Let f(j) be the third derivative of j**6/120 - j**5/60 - j**4/24 + 19*j**3/6 - j**2. What is f(0)?
19
Let a(y) be the third derivative of -y**5/60 + 5*y**4/12 - 5*y**3/3 - 24*y**2. Determine a(7).
11
Let j be 3 - (0/2 + 2). Let g be (-2)/j - (7 + -9). Suppose g = -2*q - 2*q. Let u(z) = z**2 + 3. Calculate u(q).
3
Let w be -5 + 2 + 3 - -12. Suppose 5*c + 0*r + 3*r + 10 = 0, 2*c - 2*r = w. Let l(b) = -4*b**3 - 1. Determine l(c).
-5
Let k(b) = -2*b**2 - 2*b - 4. Let a(j) = 3*j**2 + 3*j + 8. Let s(x) = -3*a(x) - 5*k(x). Determine s(0).
-4
Suppose 0 = 5*q - 47 + 17. Suppose 5*f - 5*w - 35 = 0, 2*f = 5*f - 2*w - 17. Let y(d) = -8*d + 7 + d**2 - 3*d**2 + 6*d**2 - f*d**2. What is y(q)?
-5
Let r(l) = -2*l - 3. Suppose 2*t - 26 = 4*t + 4*k, 4*k = 3*t - 11. Determine r(t).
3
Let t(j) be the first derivative of 8*j**3/3 + j - 10. Give t(-1).
9
Let i(b) be the first derivative of -b**4/4 - 7*b**3/3 + b**2 + 10*b - 6. Calculate i(-7).
-4
Let o(i) = -i - 3. Let l = 48 + -55. Give o(l).
4
Let c(l) be the third derivative of -l**5/60 + l**4/8 + 5*l**3/6 + 10*l**2. What is c(6)?
-13
Let u(t) = 2 - 8 + 2*t**2 + 5. Determine u(2).
7
Suppose -12 = 4*y, -y + 0*y = -5*v - 12. Let t = 0 - v. Let f(j) be the second derivative of -j**3/6 - 2*j**2 - j. Give f(t).
-7
Let r(o) = -o. Let z be r(7). Let q(a) = -2*a**2 + 4 - 2*a**3 + 3*a**3 + 6 + 10*a**2 + 9*a. Give q(z).
-4
Let a(b) be the first derivative of -b**4/4 + b**2/2 - 2*b - 6. Let l = -1 - -3. What is a(l)?
-8
Suppose -g = 4, 0*h - 7 = -5*h - 2*g. Let a(y) = 0*y - y + 4*y - y**2 + 1 - 2*y**h. Let l(b) = -b**2 - 2*b - 2. Let i be l(-2). Give a(i).
7
Let a(d) = 8*d. Let t = -79 + 77. Determine a(t).
-16
Let z(f) = -f**2 + 3*f. Let k(r) = r**2 + 2*r + 3. Let w be k(0). Calculate z(w).
0
Let g(j) = j**2. Suppose 1 = -2*f - 1. Let t be (f/2)/((-5)/30). Calculate g(t).
9
Let o(x) = 6*x - 4. Let k(r) be the first derivative of 3*r**2 - 3*r - 2. Let z(u) = -3*k(u) + 2*o(u). Let l be 1/(-6)*2*-3. Calculate z(l).
-5
Let b be 2*-2 + (-1 - -1). Let q(x) = 27 - 24 + 10*x + x**2 - 5*x. Give q(b).
-1
Suppose -4*k + 12 = -8. Let j(v) be the second derivative of 0 + 2*v**2 - 1/20*v**k - 2/3*v**3 + 1/3*v**4 + 2*v. Determine j(3).
1
Let g(q) = 7*q**3 + 7*q**2 - 3*q - 4. Let s be (2 + 4)/(3/3). Let k(r) = 15*r**3 + 15*r**2 - 7*r - 9. Let j(h) = s*k(h) - 13*g(h). Give j(-2).
8
Let z(j) = 9*j**2 + 13*j + 9. Let q = -18 + 15. Let v(k) = -5*k**2 - 7*k - 5. Let d(b) = q*z(b) - 5*v(b). What is d(-2)?
-2
Suppose j - 2*j = -3. Suppose -j*i - 106 = 44. Let h be 6/(-27) + i/18. Let l(a) = -a + 4. What is l(h)?
7
Let g(k) = -2*k - 2. Let v be g(-2). Let z be (20/(-8))/(v/(-4)). Let u(l) = l**2 - z - 3 + 3 - 2*l. Determine u(5).
10
Suppose 5*b = 5 + 20. Let o(m) = -m + 5. What is o(b)?
0
Let b(t) = 39 - 34 - 16*t - 14*t. Let s(o) = 20*o - 3. Let u(j) = 5*b(j) + 8*s(j). Determine u(-1).
-9
Let v(g) be the first derivative of g**2/2 + 4*g + 10. Calculate v(-5).
-1
Let h(g) be the first derivative of g**7/840 - g**6/90 - g**5/60 - 7*g**3/3 + 1. Let t(u) be the third derivative of h(u). Determine t(4).
-8
Let h(p) = -p. Let r be -4 + (-4 - 4/(-1)). Calculate h(r).
4
Suppose 3*x = 5 + 4. Suppose 4*h + 16 = 0, -20 = z + x*z + h. Let j(i) = i**2 + 5*i + 3. Determine j(z).
-1
Let s(t) = -t**2 + 4*t**2 - t + 4*t**2. Let c(i) = i - 6. Let j be c(9). Let k = 4 - j. Calculate s(k).
6
Let c(b) be the second derivative of 0*b**2 + b + 0 - 1/120*b**5 + 1/3*b**3 - 5/24*b**4. Let d(r) be the second derivative of c(r). What is d(-5)?
0
Let u = 14 + -10. Suppose 9*p = u*p + 20. Let o(v) = 4 + v**3 - 4*v - 4*v**2 + 1 + 4*v. What is o(p)?
5
Let y(c) = -5*c**3 + 0*c**3 + 4*c**3 - 2*c + 4*c**2 - 1. What is y(2)?
3
Let i(y) = -12*y - 2 + 6*y + 5*y. Determine i(5).
-7
Let n(o) be the second derivative of o**5/10 - o**4/4 + o**3/3 - 3*o**2/2 - 14*o. Suppose 3*c + c = 0. Let u be 0/(-1 - c) - -2. What is n(u)?
5
Suppose 5*z = -2*s + 8, 5*s - 3*z + 13 - 33 = 0. Let l(j) = 3*j + 4 + 3*j - j. Let y(n) = 3*n + 3. Let r(t) = -5*l(t) + 8*y(t). What is r(s)?
0
Suppose t = 4*p - 7, 4*p - t = -6*t + 13. Let x(y) = 4*y - p*y - 5 - y. Give x(4).
-1
Let c(a) = a**3 - 13*a**2 + 1. Let r be c(13). Let s(k) be the first derivative of 2*k**3/3 + 9. Give s(r).
2
Let y(d) be the third derivative of d**4/12 - d**3/6 - 24*d**2. Calculate y(4).
7
Suppose -2*h - 4*z = -3*z + 1, -1 = -h - 2*z. Let i(k) be the second derivative of -k**5/2 + k**4/12 + k**3/6 - 54*k. What is i(h)?
10
Let d(p) be the first derivative of -p**4/4 - 2*p**3 + p**2/2 - 38. Give d(-6).
-6
Let q(d) be the third derivative of d**8/2520 - d**6/720 + d**5/60 + d**2. Let v(t) be the third derivative of q(t). Determine v(1).
7
Let t(i) = i + 9. Let g(m) = m + 10. Let k(p) = -4*g(p) + 3*t(p). What is k(0)?
-13
Let n(z) be the second derivative of 5/2*z**2 + 8*z - 1/2*z**4 - 1/2*z**3 + 0 - 1/20*z**5. What is n(-5)?
-5
Let m = -22 - -23. Let q(j) = -7*j**2 - 2*j + 1. Calculate q(m).
-8
Let b = -4 + 9. Let p(l) = -9*l + b + 1 + 7*l. Give p(4).
-2
Let s(x) be the first derivative of x**3/3 - 7*x**2/2 - 11*x + 45. Determine s(9).
7
Let n = -2 + 4. Suppose -n = s - 2*s. Let f(d) = 2 + s*d - 3*d - 1. Give f(-4).
5
Let b = -14 + 24. Let y = -5 + 10. Suppose -y*q - 30 = -b. Let j(l) = -l**3 - 4*l**2 - 2*l - 3. Calculate j(q).
5
Let t(s) be the first derivative of s**3/3 + 2*s**2 + 7*s + 42. Give t(-5).
12
Let d(m) be the second derivative of -2*m**3/3 + 3*m**2 - 5*m. Calculate d(4).
-10
Let v be 23/5 + 20/50. Suppose 2*t - 7 + 3 = 0. Let g(p) = 6*p + 0*p**2 - 2*p**2 + 4*p**2 - 3*p**t - 1. Determine g(v).
4
Suppose -2 - 9 = -3*f - 5*x, 3*x = -2*f + 7. Let h(p) = p**3 - 2*p**2 - 2*p + 2. What is h(f)?
-2
Let d(a) be the third derivative of a**6/720 + a**5/30 + a**4/6 + 3*a**2. Let u(z) be the second derivative of d(z). Give u(-4).
0
Let h(x) = 40*x - 4. Let g be h(2). Let i(z) = 8 - g*z + 76*z + z**3. Let d be -1*((-2)/2 + 1). Give i(d).
8
Let c be (2*-7)/(-2) + 0. Let d(g) = -g**3 + 8*g**2 - 5*g - 7. What is d(c)?
7
Let a(k) = k**2 + 9*k. Suppose -12 = 2*i + 6. Give a(i).
0
Let f be 6/(-18)*-9*1. Let l(v) = 6*